+ 5*n = -2 - 9. Suppose -v + 70 = s*v. What are the prime factors of v?
2, 7
Let p be (2/(-4) - 0)*-100. Suppose 3*f = -5*h - f + p, h = -4*f + 26. List the prime factors of h.
2, 3
List the prime factors of 182 + (0 - -1) - 0.
3, 61
Let k(v) = 4*v**3 + v**2 - 3*v + 4. What are the prime factors of k(2)?
2, 17
Suppose 115 = 5*h + a, -a - 3*a = 5*h - 115. Suppose 0 = -4*s + h + 1. Suppose -3*v - 4*p = -5*v - s, 4*v - 36 = -4*p. List the prime factors of v.
5
Suppose 7 = 2*i - 1. Suppose i*t = -0*t + 60. List the prime factors of t.
3, 5
Let k(c) = -74*c - 6. What are the prime factors of k(-1)?
2, 17
Let g be (1 - -2)*(4 - 2). What are the prime factors of 4/g - 218/(-6)?
37
Suppose -9*c + 174 = -6*c. What are the prime factors of c?
2, 29
Suppose 0 = -5*x - 5*d + 395, -x = 2*x + 5*d - 243. What are the prime factors of x?
2, 19
Let g be 10/(-3)*(-360)/25. Suppose 5*m = m + g. What are the prime factors of m?
2, 3
Let l = -12 - -46. List the prime factors of l.
2, 17
List the prime factors of ((-10)/3 - -2)*-30.
2, 5
Let p(b) = b + 5. Let k be p(-6). Let h be 174/4 + k/(-2). Suppose 4*m = -2*o + h, m + 5*o - 15 - 5 = 0. What are the prime factors of m?
2, 5
Let t(i) = -6*i**2 + i - 5. Suppose -3*p - 1 = 2. Let c(f) = -f**2 + 1. Let u(j) = p*t(j) - 5*c(j). What are the prime factors of u(-1)?
2, 3
Let d(t) = -t - 2. Let l be d(-5). Suppose -5*w + 0*f = 3*f - 61, 28 = 2*w + l*f. List the prime factors of w.
11
Let l(d) = d**2 - d. What are the prime factors of l(-5)?
2, 3, 5
Let y(t) = -3*t - 8. Suppose -3*d + 20 = -5*l, -5*l - 13 = 4*d + 42. List the prime factors of y(l).
13
Let s(r) = -r - 9. Let h(t) = -2*t - 18. Let f(b) = 3*h(b) - 7*s(b). Let j be (-4)/(-20) + 1/(-5). List the prime factors of f(j).
3
Let v be 303/18 - 4/(-24). Suppose l - 11 = v. Suppose -l = -5*x + 2. What are the prime factors of x?
2, 3
Suppose 78 = 6*m - 3*m - 3*g, -4*m = -3*g - 107. List the prime factors of m.
29
Let s be 0*-2*2/4. Suppose 0 = 2*j - 5*a + 6, -3*a = -2*j - s + 2. What are the prime factors of j?
7
Let i(a) = -a**3 + 9*a**2 - 3*a + 2. List the prime factors of i(4).
2, 5, 7
Suppose -2*n = 5*r + 16, -3*n + 0*n - 13 = 2*r. Let b = 0 - n. What are the prime factors of b?
3
What are the prime factors of (-1 - (-16)/4)*11?
3, 11
Let j(v) = 6 - 4*v + 5*v + v. What are the prime factors of j(4)?
2, 7
Let l = 4 + -5. Let q = l + 6. List the prime factors of q.
5
Let w = 54 + -34. What are the prime factors of w?
2, 5
Suppose -54 = -30*w + 28*w. List the prime factors of w.
3
Let x be (-4)/(-3*8/36). What are the prime factors of 209/x + 2/12?
5, 7
List the prime factors of 10488/104 + 2/13.
101
Suppose 8*c - 13*c = -845. What are the prime factors of c?
13
Let h(k) = -k. Let j be h(-8). Let r = 11 - j. What are the prime factors of r?
3
Let s = -2 + 4. Suppose -s*b = b - 45. List the prime factors of b.
3, 5
Let q be (-3)/(0 + (2 - 1)). Let j be -1*(-3 - 0/q). What are the prime factors of 1/(j/27) - 0?
3
Suppose 33*s - 399 = 30*s. List the prime factors of s.
7, 19
Suppose 0 = 4*p - 2*d - 828, 5*p - 607 = -4*d + 441. List the prime factors of p.
2, 13
Let c be ((-2)/(-6))/(2/12). Let d(n) = n**2 - 10*n - 7. Let k(q) = -q**2 + 9*q + 6. Let u(x) = 6*d(x) + 7*k(x). List the prime factors of u(c).
2
Let i(s) = -s. Let u(x) = x**2 + x - 1. Let a(t) = -3*i(t) - u(t). Let k be a(-1). What are the prime factors of -2*k/(-4)*-11?
11
Suppose d + 2*d = 4*a + 9, 0 = -d - 3*a + 3. Suppose 3*b + 7 = -2*b + d*j, 8 = -5*b + 2*j. Let q(l) = 4*l**2 + 3*l + 2. What are the prime factors of q(b)?
2, 3
Let f(p) = -p**2 - 6*p - 3. Let a be f(-5). Suppose -u + 5 = 5*z, -3 = a*u - 5*z - 13. Suppose l + u*s = 4*s, -3*l + 24 = -3*s. What are the prime factors of l?
2
Let n = -21 + 1. Let v be (5 - 5) + n/(-1). Let p = -7 + v. What are the prime factors of p?
13
Let l = -7 - -10. Suppose 0 = -2*a - 3*a - l*d + 29, 3*d = 4*a - 7. Suppose 2*m - a*m + 12 = 0. What are the prime factors of m?
2, 3
Let y(d) be the first derivative of -9*d**4/4 + 2*d**3/3 + d**2/2 + 1. List the prime factors of y(-1).
2, 5
Let t(n) be the first derivative of -8*n**3/3 - n + 3. Let c(g) be the first derivative of t(g). List the prime factors of c(-1).
2
Suppose 0 = 2*u + 3*u. Suppose u - 4 = 2*n. Let v = 6 + n. What are the prime factors of v?
2
Let f = 0 + 2. Suppose f = -h + 5. Suppose 0 = -2*n - h*n + 25. What are the prime factors of n?
5
Let v(h) be the third derivative of h**5/60 - 5*h**4/12 - h**3/3 - 2*h**2. What are the prime factors of v(11)?
3
Suppose -4*y + 83 + 77 = 0. List the prime factors of y.
2, 5
Let f be (1 - 0)*2/(-2). Let x(b) = b**2 + 6*b + 5. Let m(o) = 2*o**2 + 7*o + 6. Let z(t) = 6*m(t) - 7*x(t). What are the prime factors of z(f)?
2, 3
List the prime factors of (-83)/(-2) - 2/4.
41
Let l(r) = r**2 - r - 10. Let b be l(7). Suppose 4*a + b = -4*x, -3*a - x = 4*x + 32. Let i = 8 + a. What are the prime factors of i?
2
Let k be (3/9)/(2/30). What are the prime factors of -88*(k/2)/(-5)?
2, 11
Suppose 2*l + 5 = 23. Suppose 4*a - 5*n + l = 0, -3*n - 16 = 3*a - 43. List the prime factors of a.
2
Let a(w) = 7 + 0 + 3*w - 4. Let x be a(-4). What are the prime factors of 0 + (-2 + 2 - x)?
3
Suppose 0 = -4*k - 3*u + 9 + 1, u = -3*k + 10. List the prime factors of k.
2
Let v(k) = -3*k - 2 + 2*k + 1. List the prime factors of v(-4).
3
Suppose -b + 4*b = -4*v + 446, 2*b + 4*v - 292 = 0. List the prime factors of b.
2, 7, 11
Suppose 3*h - 82 - 13 = -4*m, 3*m = 5*h - 139. What are the prime factors of h?
29
List the prime factors of (-112)/(-4) - (-2 - -3).
3
Suppose 100 = 27*u - 26*u. What are the prime factors of u?
2, 5
Let k = 8 + 2. What are the prime factors of k?
2, 5
Suppose -5*b = -133 - 27. List the prime factors of (b/(-12))/((-2)/6).
2
Let a(r) = -r**2 - 9*r - 7. What are the prime factors of a(-7)?
7
Let g = -2 - 3. Let y = -3 - g. Suppose -2*d - y = 0, -p + d = -2*d - 11. List the prime factors of p.
2
List the prime factors of (-3 - -2)/(3/(-147)).
7
Suppose -4*l = 2*c - 1324, l - 4*c - 256 - 75 = 0. List the prime factors of l.
331
Let o(q) = 3 - q - 3 + 4. Let y be o(7). What are the prime factors of (102/y)/(-2) - -3?
2, 5
Suppose l - g = -2*l + 18, -2*g = 2*l - 12. Let n = l - -1. Suppose 0 = 2*d - d - n. List the prime factors of d.
7
Let p = -14 + 15. List the prime factors of p/(-1) + 17 - 1.
3, 5
Suppose -4*m + 122 = -8*r + 3*r, 3*r = -6. List the prime factors of m.
2, 7
Let i(c) = -5*c**2 - 3*c - 2. Let b(z) = 3*z - 3. Let m be b(2). Let p be i(m). List the prime factors of (-3)/(-2)*p/(-6).
2, 7
Suppose -s = -3 - 2. Suppose -s*v + 2*f - 213 = -18, -v + 4*f - 57 = 0. Let p = v + 55. What are the prime factors of p?
2, 3
Let q = -7 + 11. Suppose q*i - 86 = 5*z, 0*z - 3*z - 6 = 0. What are the prime factors of i?
19
Let x(g) = -g**2 + 6*g - 7. Let j be x(6). Let n(t) = t**2 + 10*t - 10. Let a be n(j). Let o = -19 - a. What are the prime factors of o?
2, 3
Let o be 2/(-1 + 2) - 0. Suppose -11 + o = 3*a. What are the prime factors of ((-1)/a)/(2/24)?
2
Let i = 3 + 4. Suppose 4*h - 5 = i. List the prime factors of h.
3
Let m be -39 - (-2 + 2 + 2). What are the prime factors of (1/1)/(-1) - m?
2, 5
What are the prime factors of 1/(40/(-41) - -1)?
41
Let a(s) = s - 33. Let g be a(0). Let w = g - -71. Suppose w = 5*i - 2. What are the prime factors of i?
2
List the prime factors of (-3790)/(-130) - (-2)/(-13).
29
Let z(s) = 4*s**2 - 4*s - 16. List the prime factors of z(-5).
2, 13
Let t(a) = 3*a - 2. Let l be t(2). Suppose l*v - 24 = v. List the prime factors of v.
2
Let t(b) = -b**3 - 9*b**2 - b - 13. Let u be t(-9). List the prime factors of 1 + 0/u + 7.
2
Suppose -z + 37 = 3*d, 3*d - 107 - 114 = -5*z. List the prime factors of z.
2, 23
Let a be 9/(-18) - 19/2. Let j be a/4*56/(-35). Suppose -5*l = 3*z - 51, z + 8 = 2*l - j*z. List the prime factors of l.
3
Suppose 2*i + 4*p = -20 - 146, i - 4*p = -59. Let q = -35 - i. List the prime factors of q.
2, 5
Suppose -25 = -4*j + 23. Suppose j = 2*w + w. What are the prime factors of w?
2
Let k = 1 - 3. Suppose -28 = 5*x + 2. Let n = k - x. What are the prime factors of n?
2
Let a(r) be the first derivative of r**4/4 + 2*r**3 - 9*r**2/2 - 3*r - 6. List the prime factors of a(-7).
11
Let b = 3 + -3. Suppose 5*c - 4 = 2*m, b = -c - 0